common divisor of 1353 and 162237?
123
Calculate the greatest common factor of 3080 and 37030.
70
What is the greatest common divisor of 35 and 484015?
35
What is the greatest common divisor of 2850 and 840?
30
Calculate the highest common divisor of 4 and 298164.
4
Calculate the greatest common divisor of 62 and 252650.
62
Calculate the highest common divisor of 40820 and 2140.
20
What is the highest common factor of 285 and 147435?
15
What is the greatest common factor of 2 and 227850?
2
Calculate the greatest common factor of 3314984 and 61.
61
What is the greatest common factor of 7602 and 315?
21
Calculate the greatest common factor of 5478 and 1111.
11
What is the highest common factor of 693 and 37359?
63
What is the highest common factor of 6072 and 1455003?
759
What is the greatest common factor of 869 and 51903?
79
What is the greatest common factor of 88 and 295240?
88
Calculate the highest common divisor of 8 and 662056.
8
What is the highest common divisor of 77903 and 6293?
217
What is the greatest common factor of 111 and 3441?
111
Calculate the greatest common divisor of 214395 and 285.
15
Calculate the greatest common divisor of 75664 and 152.
8
Calculate the highest common factor of 1680 and 7980.
420
Calculate the greatest common divisor of 17058 and 288.
6
Calculate the highest common divisor of 29624 and 616.
56
What is the highest common divisor of 459585 and 5355?
315
Calculate the greatest common divisor of 900 and 18132.
12
What is the greatest common factor of 216 and 280536?
24
Calculate the greatest common divisor of 290 and 5315410.
290
What is the greatest common divisor of 27250 and 4142?
218
Calculate the highest common factor of 788 and 310078.
394
Calculate the greatest common factor of 48730 and 3410.
110
What is the highest common factor of 37180 and 12844?
676
What is the highest common divisor of 583203 and 62?
31
What is the highest common divisor of 1316 and 21244?
188
Calculate the greatest common divisor of 142999 and 1073.
29
Calculate the greatest common factor of 216 and 9909.
27
Calculate the greatest common divisor of 182 and 6461.
91
Calculate the greatest common divisor of 215 and 1675.
5
Calculate the greatest common divisor of 3808 and 1309.
119
What is the highest common factor of 20036 and 22?
2
What is the greatest common factor of 769780 and 22?
22
What is the highest common factor of 410 and 584783?
41
Calculate the highest common divisor of 16501 and 95023.
569
Calculate the highest common divisor of 3850 and 16786.
154
What is the greatest common factor of 182 and 7215?
13
What is the greatest common factor of 32 and 214?
2
What is the greatest common factor of 30419 and 19?
19
Calculate the greatest common divisor of 27794 and 2704.
26
What is the greatest common factor of 82010 and 885?
295
What is the highest common divisor of 6015 and 465?
15
Calculate the greatest common factor of 392 and 3864.
56
What is the greatest common divisor of 684780 and 339?
339
Calculate the greatest common divisor of 850 and 102.
34
Calculate the greatest common factor of 144 and 10884.
12
Calculate the highest common divisor of 11101 and 289.
17
Calculate the greatest common divisor of 360 and 83480.
40
Calculate the greatest common factor of 1020 and 305286.
102
What is the highest common factor of 704444 and 5890?
1178
Calculate the greatest common divisor of 159 and 117183.
159
Calculate the greatest common factor of 1358865 and 45.
45
Calculate the highest common factor of 558432 and 189.
63
What is the greatest common divisor of 16 and 730544?
16
What is the greatest common divisor of 3717 and 126?
63
What is the highest common divisor of 76 and 2470?
38
Calculate the greatest common divisor of 114484 and 12.
4
Calculate the greatest common divisor of 4065540 and 10.
10
Calculate the greatest common factor of 46 and 3659714.
46
Calculate the highest common factor of 360 and 62736.
24
Calculate the greatest common divisor of 34678 and 56.
14
What is the highest common divisor of 595 and 149555?
35
What is the highest common factor of 457902 and 36?
18
What is the greatest common factor of 812 and 132160?
28
Calculate the highest common divisor of 2212750 and 30.
10
Calculate the highest common divisor of 131928 and 92.
92
What is the greatest common divisor of 725 and 7225?
25
What is the greatest common divisor of 21 and 1037554?
7
What is the highest common divisor of 3247 and 10314?
191
Calculate the highest common factor of 88038 and 4818.
438
What is the highest common factor of 2 and 20728?
2
Calculate the highest common divisor of 885 and 1635.
15
Calculate the greatest common factor of 12814 and 1376.
86
Calculate the highest common factor of 53 and 14304223.
53
What is the highest common factor of 12 and 4208712?
12
Calculate the highest common divisor of 20 and 1460.
20
What is the highest common factor of 1197876 and 24?
12
Calculate the greatest common divisor of 357346 and 1756.
878
Calculate the greatest common divisor of 46569 and 87.
3
Calculate the greatest common divisor of 9425 and 625.
25
Calculate the highest common divisor of 3670020 and 90.
90
Calculate the highest common divisor of 62658 and 18.
18
What is the highest common divisor of 87 and 489607?
29
What is the greatest common divisor of 36 and 77484?
12
What is the highest common factor of 11430 and 990?
90
What is the highest common divisor of 36 and 1856?
4
Calculate the greatest common divisor of 1596 and 13908.
228
What is the highest common divisor of 5798 and 182?
26
Calculate the greatest common factor of 10951 and 201312.
233
What is the highest common divisor of 154 and 378?
14
Calculate the greatest common divisor of 2201246 and 122.
122
What is the greatest common factor of 11346 and 2046?
186
Calculate the greatest common factor of 390 and 776550.
30
Calculate the highest common divisor of 194 and 18333.
97
Calculate the greatest common factor of 3 and 3957.
3
Calculate the greatest common divisor of 6020 and 35260.
860
What is the greatest common factor of 96 and 38848?
32
What is the highest common factor of 65934 and 354618?
1782
What is the highest common divisor of 2527 and 280?
7
What is the greatest common divisor of 422942 and 26?
26
Calculate the highest common divisor of 56776 and 17672.
376
What is the greatest common divisor of 225 and 179325?
225
What is the greatest common divisor of 2304 and 3537?
9
Calculate the highest common divisor of 66185 and 315.
35
What is the greatest common divisor of 5480 and 400?
40
Calculate the highest common divisor of 583 and 2035.
11
Calculate the greatest common factor of 6895 and 4480.
35
Calculate the highest common divisor of 1312075 and 6200.
775
Calculate the greatest common divisor of 1449 and 1311.
69
Calculate the highest common factor of 14 and 1582378.
14
Calculate the highest common factor of 1960 and 410.
10
What is the highest common factor of 269874 and 282?
282
What is the greatest common divisor of 225 and 40650?
75
What is the highest common factor of 552 and 512?
8
What is the greatest common divisor of 240 and 20010?
30
What is the highest common divisor of 175 and 349251?
7
Calculate the greatest common divisor of 6225 and 4731.
249
What is the highest common factor of 150960 and 13260?
1020
What is the highest common divisor of 3263 and 1651?
13
What is the highest common divisor of 19085625 and 26?
13
Calculate the greatest common divisor of 4600 and 19200.
200
What is the highest common factor of 2952 and 74456?
328
What is the highest common factor of 486 and 4686498?
486
What is the greatest common factor of 477888 and 1920?
192
Calculate the highest common factor of 70096 and 286.
26
What is the highest common factor of 1884 and 12372?
12
What is the highest common divisor of 3850 and 238?
14
Calculate the greatest common factor of 115721 and 291.
97
What is the highest common divisor of 84 and 51464?
28
Calculate the greatest common factor of 12 and 437196.
12
Calculate the greatest common factor of 7231 and 56.
7
What is the greatest common divisor of 201951 and 19?
19
Calculate the greatest common divisor of 480212 and 1772.
1772
Calculate the highest common factor of 20 and 1518250.
10
What is the greatest common factor of 6